[INFO] cloning repository https://github.com/Koboldthegreat/The_Hobyte
[INFO] running `Command { std: "git" "-c" "credential.helper=" "-c" "credential.helper=/workspace/cargo-home/bin/git-credential-null" "clone" "--bare" "https://github.com/Koboldthegreat/The_Hobyte" "/workspace/cache/git-repos/https%3A%2F%2Fgithub.com%2FKoboldthegreat%2FThe_Hobyte", kill_on_drop: false }`
[INFO] [stderr] Cloning into bare repository '/workspace/cache/git-repos/https%3A%2F%2Fgithub.com%2FKoboldthegreat%2FThe_Hobyte'...
[INFO] running `Command { std: "git" "rev-parse" "HEAD", kill_on_drop: false }`
[INFO] [stdout] 4024e185e50bfd9cb0b59f16d2e7d37cd6582cf1
[INFO] checking Koboldthegreat/The_Hobyte against try#72f88fc4e9458f89516a0b8b0868f3718aec5b47 for pr-74989
[INFO] running `Command { std: "git" "clone" "/workspace/cache/git-repos/https%3A%2F%2Fgithub.com%2FKoboldthegreat%2FThe_Hobyte" "/workspace/builds/worker-5/source", kill_on_drop: false }`
[INFO] [stderr] Cloning into '/workspace/builds/worker-5/source'...
[INFO] [stderr] done.
[INFO] validating manifest of git repo https://github.com/Koboldthegreat/The_Hobyte on toolchain 72f88fc4e9458f89516a0b8b0868f3718aec5b47
[INFO] running `Command { std: "/workspace/cargo-home/bin/cargo" "+72f88fc4e9458f89516a0b8b0868f3718aec5b47" "read-manifest" "--manifest-path" "Cargo.toml", kill_on_drop: false }`
[INFO] started tweaking git repo https://github.com/Koboldthegreat/The_Hobyte
[INFO] finished tweaking git repo https://github.com/Koboldthegreat/The_Hobyte
[INFO] tweaked toml for git repo https://github.com/Koboldthegreat/The_Hobyte written to /workspace/builds/worker-5/source/Cargo.toml
[INFO] crate git repo https://github.com/Koboldthegreat/The_Hobyte already has a lockfile, it will not be regenerated
[INFO] running `Command { std: "/workspace/cargo-home/bin/cargo" "+72f88fc4e9458f89516a0b8b0868f3718aec5b47" "fetch" "--locked" "--manifest-path" "Cargo.toml", kill_on_drop: false }`
[INFO] [stderr] warning: An explicit [[bin]] section is specified in Cargo.toml which currently
[INFO] [stderr] disables Cargo from automatically inferring other binary targets.
[INFO] [stderr] This inference behavior will change in the Rust 2018 edition and the following
[INFO] [stderr] files will be included as a binary target:
[INFO] [stderr] 
[INFO] [stderr] * /workspace/builds/worker-5/source/src/main.rs
[INFO] [stderr] 
[INFO] [stderr] This is likely to break cargo build or cargo test as these files may not be
[INFO] [stderr] ready to be compiled as a binary target today. You can future-proof yourself
[INFO] [stderr] and disable this warning by adding `autobins = false` to your [package]
[INFO] [stderr] section. You may also move the files to a location where Cargo would not
[INFO] [stderr] automatically infer them to be a target, such as in subfolders.
[INFO] [stderr] 
[INFO] [stderr] For more information on this warning you can consult
[INFO] [stderr] https://github.com/rust-lang/cargo/issues/5330
[INFO] [stderr] warning: path `/workspace/builds/worker-5/source/src/main.rs` was erroneously implicitly accepted for binary `spinning-square`,
[INFO] [stderr] please set bin.path in Cargo.toml
[INFO] [stderr] error: the lock file /workspace/builds/worker-5/source/Cargo.lock needs to be updated but --locked was passed to prevent this
[INFO] [stderr] If you want to try to generate the lock file without accessing the network, use the --offline flag.
[INFO] the lockfile is outdated, regenerating it
[INFO] running `Command { std: "/workspace/cargo-home/bin/cargo" "+72f88fc4e9458f89516a0b8b0868f3718aec5b47" "generate-lockfile" "--manifest-path" "Cargo.toml" "-Zno-index-update", kill_on_drop: false }`
[INFO] running `Command { std: "/workspace/cargo-home/bin/cargo" "+72f88fc4e9458f89516a0b8b0868f3718aec5b47" "fetch" "--locked" "--manifest-path" "Cargo.toml", kill_on_drop: false }`
[INFO] [stderr] warning: An explicit [[bin]] section is specified in Cargo.toml which currently
[INFO] [stderr] disables Cargo from automatically inferring other binary targets.
[INFO] [stderr] This inference behavior will change in the Rust 2018 edition and the following
[INFO] [stderr] files will be included as a binary target:
[INFO] [stderr] 
[INFO] [stderr] * /workspace/builds/worker-5/source/src/main.rs
[INFO] [stderr] 
[INFO] [stderr] This is likely to break cargo build or cargo test as these files may not be
[INFO] [stderr] ready to be compiled as a binary target today. You can future-proof yourself
[INFO] [stderr] and disable this warning by adding `autobins = false` to your [package]
[INFO] [stderr] section. You may also move the files to a location where Cargo would not
[INFO] [stderr] automatically infer them to be a target, such as in subfolders.
[INFO] [stderr] 
[INFO] [stderr] For more information on this warning you can consult
[INFO] [stderr] https://github.com/rust-lang/cargo/issues/5330
[INFO] [stderr] warning: path `/workspace/builds/worker-5/source/src/main.rs` was erroneously implicitly accepted for binary `spinning-square`,
[INFO] [stderr] please set bin.path in Cargo.toml
[INFO] [stderr]     Blocking waiting for file lock on package cache
[INFO] [stderr]     Blocking waiting for file lock on package cache
[INFO] running `Command { std: "docker" "create" "-v" "/var/lib/crater-agent-workspace/builds/worker-5/target:/opt/rustwide/target:rw,Z" "-v" "/var/lib/crater-agent-workspace/builds/worker-5/source:/opt/rustwide/workdir:ro,Z" "-v" "/var/lib/crater-agent-workspace/cargo-home:/opt/rustwide/cargo-home:ro,Z" "-v" "/var/lib/crater-agent-workspace/rustup-home:/opt/rustwide/rustup-home:ro,Z" "-e" "SOURCE_DIR=/opt/rustwide/workdir" "-e" "CARGO_TARGET_DIR=/opt/rustwide/target" "-e" "CARGO_HOME=/opt/rustwide/cargo-home" "-e" "RUSTUP_HOME=/opt/rustwide/rustup-home" "-w" "/opt/rustwide/workdir" "-m" "1610612736" "--user" "0:0" "--network" "none" "rustops/crates-build-env@sha256:d92eaeed33fa75130ca1ee6c8a01d1ffb62bac859dfdfb3450e3e5d1c0146529" "/opt/rustwide/cargo-home/bin/cargo" "+72f88fc4e9458f89516a0b8b0868f3718aec5b47" "metadata" "--no-deps" "--format-version=1", kill_on_drop: false }`
[INFO] [stdout] b0a656f2c9f2e9c52cc33f364c0a14e10f307c95db7a947678b338c829a78beb
[INFO] [stderr] WARNING: Your kernel does not support swap limit capabilities or the cgroup is not mounted. Memory limited without swap.
[INFO] running `Command { std: "docker" "start" "-a" "b0a656f2c9f2e9c52cc33f364c0a14e10f307c95db7a947678b338c829a78beb", kill_on_drop: false }`
[INFO] running `Command { std: "docker" "inspect" "b0a656f2c9f2e9c52cc33f364c0a14e10f307c95db7a947678b338c829a78beb", kill_on_drop: false }`
[INFO] running `Command { std: "docker" "rm" "-f" "b0a656f2c9f2e9c52cc33f364c0a14e10f307c95db7a947678b338c829a78beb", kill_on_drop: false }`
[INFO] [stdout] b0a656f2c9f2e9c52cc33f364c0a14e10f307c95db7a947678b338c829a78beb
[INFO] running `Command { std: "docker" "create" "-v" "/var/lib/crater-agent-workspace/builds/worker-5/target:/opt/rustwide/target:rw,Z" "-v" "/var/lib/crater-agent-workspace/builds/worker-5/source:/opt/rustwide/workdir:ro,Z" "-v" "/var/lib/crater-agent-workspace/cargo-home:/opt/rustwide/cargo-home:ro,Z" "-v" "/var/lib/crater-agent-workspace/rustup-home:/opt/rustwide/rustup-home:ro,Z" "-e" "SOURCE_DIR=/opt/rustwide/workdir" "-e" "CARGO_TARGET_DIR=/opt/rustwide/target" "-e" "CARGO_INCREMENTAL=0" "-e" "RUST_BACKTRACE=full" "-e" "RUSTFLAGS=--cap-lints=forbid" "-e" "CARGO_HOME=/opt/rustwide/cargo-home" "-e" "RUSTUP_HOME=/opt/rustwide/rustup-home" "-w" "/opt/rustwide/workdir" "-m" "1610612736" "--user" "0:0" "--network" "none" "rustops/crates-build-env@sha256:d92eaeed33fa75130ca1ee6c8a01d1ffb62bac859dfdfb3450e3e5d1c0146529" "/opt/rustwide/cargo-home/bin/cargo" "+72f88fc4e9458f89516a0b8b0868f3718aec5b47" "check" "--frozen" "--all" "--all-targets" "--message-format=json", kill_on_drop: false }`
[INFO] [stdout] 0dd4323f9b9995ebae1742abd5a0bcdd6cfd960403a59654095cb6cf83f89a8e
[INFO] [stderr] WARNING: Your kernel does not support swap limit capabilities or the cgroup is not mounted. Memory limited without swap.
[INFO] running `Command { std: "docker" "start" "-a" "0dd4323f9b9995ebae1742abd5a0bcdd6cfd960403a59654095cb6cf83f89a8e", kill_on_drop: false }`
[INFO] [stderr] warning: An explicit [[bin]] section is specified in Cargo.toml which currently
[INFO] [stderr] disables Cargo from automatically inferring other binary targets.
[INFO] [stderr] This inference behavior will change in the Rust 2018 edition and the following
[INFO] [stderr] files will be included as a binary target:
[INFO] [stderr] 
[INFO] [stderr] * /opt/rustwide/workdir/src/main.rs
[INFO] [stderr] 
[INFO] [stderr] This is likely to break cargo build or cargo test as these files may not be
[INFO] [stderr] ready to be compiled as a binary target today. You can future-proof yourself
[INFO] [stderr] and disable this warning by adding `autobins = false` to your [package]
[INFO] [stderr] section. You may also move the files to a location where Cargo would not
[INFO] [stderr] automatically infer them to be a target, such as in subfolders.
[INFO] [stderr] 
[INFO] [stderr] For more information on this warning you can consult
[INFO] [stderr] https://github.com/rust-lang/cargo/issues/5330
[INFO] [stderr] warning: path `/opt/rustwide/workdir/src/main.rs` was erroneously implicitly accepted for binary `spinning-square`,
[INFO] [stderr] please set bin.path in Cargo.toml
[INFO] [stderr]     Checking lazy_static v1.4.0
[INFO] [stderr]    Compiling syn v1.0.40
[INFO] [stderr]     Checking piston-graphics_api_version v1.0.0
[INFO] [stderr]     Checking either v1.6.0
[INFO] [stderr]     Checking percent-encoding v2.1.0
[INFO] [stderr]     Checking color_quant v1.0.1
[INFO] [stderr]     Checking read_color v1.0.0
[INFO] [stderr]     Checking fnv v1.0.7
[INFO] [stderr]     Checking scoped_threadpool v0.1.9
[INFO] [stderr]    Compiling num-traits v0.2.12
[INFO] [stderr]    Compiling num-integer v0.1.43
[INFO] [stderr]     Checking miniz_oxide v0.3.7
[INFO] [stderr]    Compiling log v0.4.11
[INFO] [stderr]     Checking libloading v0.6.3
[INFO] [stderr]    Compiling proc-macro2 v1.0.21
[INFO] [stderr]     Checking crc32fast v1.2.0
[INFO] [stderr]     Checking num_cpus v1.13.0
[INFO] [stderr]     Checking memmap v0.7.0
[INFO] [stderr]     Checking raw-window-handle v0.3.3
[INFO] [stderr]     Checking nix v0.14.1
[INFO] [stderr]     Checking deflate v0.8.6
[INFO] [stderr]     Checking crossbeam-utils v0.7.2
[INFO] [stderr]     Checking shared_library v0.1.9
[INFO] [stderr]     Checking x11-dl v2.18.5
[INFO] [stderr]     Checking shader_version v0.7.0
[INFO] [stderr]     Checking gif v0.10.3
[INFO] [stderr]    Compiling wayland-scanner v0.21.13
[INFO] [stderr]     Checking dlib v0.4.2
[INFO] [stderr]    Compiling gl_generator v0.14.0
[INFO] [stderr]    Compiling gl_generator v0.10.0
[INFO] [stderr]     Checking parking_lot_core v0.6.2
[INFO] [stderr]     Checking osmesa-sys v0.1.2
[INFO] [stderr]     Checking wayland-sys v0.21.13
[INFO] [stderr]     Checking crossbeam-epoch v0.8.2
[INFO] [stderr]     Checking crossbeam-channel v0.4.4
[INFO] [stderr]     Checking parking_lot v0.9.0
[INFO] [stderr]    Compiling quote v1.0.7
[INFO] [stderr]     Checking tiff v0.5.0
[INFO] [stderr]     Checking png v0.16.7
[INFO] [stderr]     Checking crossbeam-deque v0.7.3
[INFO] [stderr]     Checking rayon-core v1.8.0
[INFO] [stderr]     Checking approx v0.3.2
[INFO] [stderr]     Checking ordered-float v1.1.0
[INFO] [stderr]     Checking line_drawing v0.7.0
[INFO] [stderr]     Checking rayon v1.4.0
[INFO] [stderr]     Checking rusttype v0.8.3
[INFO] [stderr]    Compiling gl v0.11.0
[INFO] [stderr]    Compiling glutin_egl_sys v0.1.5
[INFO] [stderr]    Compiling glutin_glx_sys v0.1.7
[INFO] [stderr]     Checking num-iter v0.1.41
[INFO] [stderr]     Checking num-rational v0.3.0
[INFO] [stderr]     Checking rusttype v0.7.9
[INFO] [stderr]     Checking piston2d-graphics v0.37.0
[INFO] [stderr]     Checking andrew v0.2.1
[INFO] [stderr]    Compiling wayland-client v0.21.13
[INFO] [stderr]    Compiling wayland-protocols v0.21.13
[INFO] [stderr]     Checking wayland-commons v0.21.13
[INFO] [stderr]     Checking jpeg-decoder v0.1.20
[INFO] [stderr]     Checking image v0.23.9
[INFO] [stderr]    Compiling serde_derive v1.0.116
[INFO] [stderr]     Checking piston2d-opengl_graphics v0.74.0
[INFO] [stderr]     Checking smithay-client-toolkit v0.4.6
[INFO] [stderr]     Checking winit v0.19.5
[INFO] [stderr]     Checking pistoncore-input v1.0.0
[INFO] [stderr]     Checking glutin v0.21.2
[INFO] [stderr]     Checking pistoncore-window v0.47.0
[INFO] [stderr]     Checking pistoncore-event_loop v0.52.0
[INFO] [stderr]     Checking pistoncore-glutin_window v0.66.0
[INFO] [stderr]     Checking piston v0.52.0
[INFO] [stderr]     Checking getting-started-spinning-square v0.1.0 (/opt/rustwide/workdir)
[INFO] [stdout] warning: unused import: `piston::event_loop::*`
[INFO] [stdout]   --> src/main.rs:12:5
[INFO] [stdout]    |
[INFO] [stdout] 12 | use piston::event_loop::*;
[INFO] [stdout]    |     ^^^^^^^^^^^^^^^^^^^^^
[INFO] [stdout]    |
[INFO] [stdout]    = note: `#[warn(unused_imports)]` on by default
[INFO] [stdout] 
[INFO] [stdout] 
[INFO] [stdout] warning: unused import: `Texture`
[INFO] [stdout]   --> src/main.rs:14:44
[INFO] [stdout]    |
[INFO] [stdout] 14 | use opengl_graphics::{ GlGraphics, OpenGL, Texture};
[INFO] [stdout]    |                                            ^^^^^^^
[INFO] [stdout] 
[INFO] [stdout] 
[INFO] [stdout] warning: unused imports: `GenericImage`, `ImageBuffer`
[INFO] [stdout]   --> src/main.rs:16:16
[INFO] [stdout]    |
[INFO] [stdout] 16 | use ImageLib::{GenericImage, ImageBuffer};
[INFO] [stdout]    |                ^^^^^^^^^^^^  ^^^^^^^^^^^
[INFO] [stdout] 
[INFO] [stdout] 
[INFO] [stdout] warning: unused import: `std::fs::File`
[INFO] [stdout]   --> src/main.rs:18:5
[INFO] [stdout]    |
[INFO] [stdout] 18 | use std::fs::File;
[INFO] [stdout]    |     ^^^^^^^^^^^^^
[INFO] [stdout] 
[INFO] [stdout] 
[INFO] [stdout] warning: unused import: `piston::event_loop::*`
[INFO] [stdout]   --> src/main.rs:12:5
[INFO] [stdout]    |
[INFO] [stdout] 12 | use piston::event_loop::*;
[INFO] [stdout]    |     ^^^^^^^^^^^^^^^^^^^^^
[INFO] [stdout]    |
[INFO] [stdout]    = note: `#[warn(unused_imports)]` on by default
[INFO] [stdout] 
[INFO] [stdout] 
[INFO] [stdout] warning: unused import: `Texture`
[INFO] [stdout]   --> src/main.rs:14:44
[INFO] [stdout]    |
[INFO] [stdout] 14 | use opengl_graphics::{ GlGraphics, OpenGL, Texture};
[INFO] [stdout]    |                                            ^^^^^^^
[INFO] [stdout] 
[INFO] [stdout] 
[INFO] [stdout] warning: unused imports: `GenericImage`, `ImageBuffer`
[INFO] [stdout]   --> src/main.rs:16:16
[INFO] [stdout]    |
[INFO] [stdout] 16 | use ImageLib::{GenericImage, ImageBuffer};
[INFO] [stdout]    |                ^^^^^^^^^^^^  ^^^^^^^^^^^
[INFO] [stdout] 
[INFO] [stdout] 
[INFO] [stdout] warning: unused import: `std::fs::File`
[INFO] [stdout]   --> src/main.rs:18:5
[INFO] [stdout]    |
[INFO] [stdout] 18 | use std::fs::File;
[INFO] [stdout]    |     ^^^^^^^^^^^^^
[INFO] [stdout] 
[INFO] [stdout] 
[INFO] [stdout] error[E0599]: no method named `opengl` found for struct `piston::WindowSettings` in the current scope
[INFO] [stdout]    --> src/main.rs:223:10
[INFO] [stdout]     |
[INFO] [stdout] 223 |         .opengl(opengl)
[INFO] [stdout]     |          ^^^^^^ method not found in `piston::WindowSettings`
[INFO] [stdout] 
[INFO] [stdout] 
[INFO] [stdout] error[E0599]: no method named `opengl` found for struct `piston::WindowSettings` in the current scope
[INFO] [stdout]    --> src/main.rs:223:10
[INFO] [stdout]     |
[INFO] [stdout] 223 |         .opengl(opengl)
[INFO] [stdout]     |          ^^^^^^ method not found in `piston::WindowSettings`
[INFO] [stdout] 
[INFO] [stdout] 
[INFO] [stdout] error[E0599]: no method named `get_pixel` found for enum `DynamicImage` in the current scope
[INFO] [stdout]    --> src/main.rs:238:26
[INFO] [stdout]     |
[INFO] [stdout] 238 |     print!("{:?}", level.get_pixel(1,1));
[INFO] [stdout]     |                          ^^^^^^^^^ method not found in `DynamicImage`
[INFO] [stdout]     |
[INFO] [stdout]     = help: items from traits can only be used if the trait is in scope
[INFO] [stdout] help: the following trait is implemented but not in scope; perhaps add a `use` for it:
[INFO] [stdout]     |
[INFO] [stdout] 2   | use ImageLib::GenericImageView;
[INFO] [stdout]     |
[INFO] [stdout] 
[INFO] [stdout] 
[INFO] [stdout] error[E0599]: no method named `get_pixel` found for enum `DynamicImage` in the current scope
[INFO] [stdout]    --> src/main.rs:238:26
[INFO] [stdout]     |
[INFO] [stdout] 238 |     print!("{:?}", level.get_pixel(1,1));
[INFO] [stdout]     |                          ^^^^^^^^^ method not found in `DynamicImage`
[INFO] [stdout]     |
[INFO] [stdout]     = help: items from traits can only be used if the trait is in scope
[INFO] [stdout] help: the following trait is implemented but not in scope; perhaps add a `use` for it:
[INFO] [stdout]     |
[INFO] [stdout] 2   | use ImageLib::GenericImageView;
[INFO] [stdout]     |
[INFO] [stdout] 
[INFO] [stdout] 
[INFO] [stdout] error[E0599]: no method named `height` found for enum `DynamicImage` in the current scope
[INFO] [stdout]    --> src/main.rs:257:23
[INFO] [stdout]     |
[INFO] [stdout] 257 |     for y in 0..level.height(){
[INFO] [stdout]     |                       ^^^^^^ method not found in `DynamicImage`
[INFO] [stdout]     |
[INFO] [stdout]     = help: items from traits can only be used if the trait is in scope
[INFO] [stdout] help: the following trait is implemented but not in scope; perhaps add a `use` for it:
[INFO] [stdout]     |
[INFO] [stdout] 2   | use ImageLib::GenericImageView;
[INFO] [stdout]     |
[INFO] [stdout] 
[INFO] [stdout] 
[INFO] [stdout] error[E0599]: no method named `height` found for enum `DynamicImage` in the current scope
[INFO] [stdout]    --> src/main.rs:257:23
[INFO] [stdout]     |
[INFO] [stdout] 257 |     for y in 0..level.height(){
[INFO] [stdout]     |                       ^^^^^^ method not found in `DynamicImage`
[INFO] [stdout]     |
[INFO] [stdout]     = help: items from traits can only be used if the trait is in scope
[INFO] [stdout] help: the following trait is implemented but not in scope; perhaps add a `use` for it:
[INFO] [stdout]     |
[INFO] [stdout] 2   | use ImageLib::GenericImageView;
[INFO] [stdout]     |
[INFO] [stdout] 
[INFO] [stdout] 
[INFO] [stdout] error[E0599]: no method named `width` found for enum `DynamicImage` in the current scope
[INFO] [stdout]    --> src/main.rs:259:27
[INFO] [stdout]     |
[INFO] [stdout] 259 |         for x in 0..level.width(){
[INFO] [stdout]     |                           ^^^^^ method not found in `DynamicImage`
[INFO] [stdout]     |
[INFO] [stdout]     = help: items from traits can only be used if the trait is in scope
[INFO] [stdout] help: the following trait is implemented but not in scope; perhaps add a `use` for it:
[INFO] [stdout]     |
[INFO] [stdout] 2   | use ImageLib::GenericImageView;
[INFO] [stdout]     |
[INFO] [stdout] 
[INFO] [stdout] 
[INFO] [stdout] error[E0599]: no method named `width` found for enum `DynamicImage` in the current scope
[INFO] [stdout]    --> src/main.rs:259:27
[INFO] [stdout]     |
[INFO] [stdout] 259 |         for x in 0..level.width(){
[INFO] [stdout]     |                           ^^^^^ method not found in `DynamicImage`
[INFO] [stdout]     |
[INFO] [stdout]     = help: items from traits can only be used if the trait is in scope
[INFO] [stdout] help: the following trait is implemented but not in scope; perhaps add a `use` for it:
[INFO] [stdout]     |
[INFO] [stdout] 2   | use ImageLib::GenericImageView;
[INFO] [stdout]     |
[INFO] [stdout] 
[INFO] [stdout] 
[INFO] [stdout] error[E0599]: no method named `get_pixel` found for enum `DynamicImage` in the current scope
[INFO] [stdout]    --> src/main.rs:260:22
[INFO] [stdout]     |
[INFO] [stdout] 260 |             if level.get_pixel(x, y).data == [0, 0, 0, 255]{
[INFO] [stdout]     |                      ^^^^^^^^^ method not found in `DynamicImage`
[INFO] [stdout]     |
[INFO] [stdout]     = help: items from traits can only be used if the trait is in scope
[INFO] [stdout] help: the following trait is implemented but not in scope; perhaps add a `use` for it:
[INFO] [stdout]     |
[INFO] [stdout] 2   | use ImageLib::GenericImageView;
[INFO] [stdout]     |
[INFO] [stdout] 
[INFO] [stdout] 
[INFO] [stdout] error[E0599]: no method named `get_pixel` found for enum `DynamicImage` in the current scope
[INFO] [stdout]    --> src/main.rs:260:22
[INFO] [stdout]     |
[INFO] [stdout] 260 |             if level.get_pixel(x, y).data == [0, 0, 0, 255]{
[INFO] [stdout]     |                      ^^^^^^^^^ method not found in `DynamicImage`
[INFO] [stdout]     |
[INFO] [stdout]     = help: items from traits can only be used if the trait is in scope
[INFO] [stdout] help: the following trait is implemented but not in scope; perhaps add a `use` for it:
[INFO] [stdout]     |
[INFO] [stdout] 2   | use ImageLib::GenericImageView;
[INFO] [stdout]     |
[INFO] [stdout] 
[INFO] [stdout] 
[INFO] [stdout] error[E0599]: no method named `get_pixel` found for enum `DynamicImage` in the current scope
[INFO] [stdout]    --> src/main.rs:265:27
[INFO] [stdout]     |
[INFO] [stdout] 265 |             else if level.get_pixel(x, y).data == [255, 0, 0, 255]{
[INFO] [stdout]     |                           ^^^^^^^^^ method not found in `DynamicImage`
[INFO] [stdout]     |
[INFO] [stdout]     = help: items from traits can only be used if the trait is in scope
[INFO] [stdout] help: the following trait is implemented but not in scope; perhaps add a `use` for it:
[INFO] [stdout]     |
[INFO] [stdout] 2   | use ImageLib::GenericImageView;
[INFO] [stdout]     |
[INFO] [stdout] 
[INFO] [stdout] 
[INFO] [stdout] error[E0599]: no method named `get_pixel` found for enum `DynamicImage` in the current scope
[INFO] [stdout]    --> src/main.rs:265:27
[INFO] [stdout]     |
[INFO] [stdout] 265 |             else if level.get_pixel(x, y).data == [255, 0, 0, 255]{
[INFO] [stdout]     |                           ^^^^^^^^^ method not found in `DynamicImage`
[INFO] [stdout]     |
[INFO] [stdout]     = help: items from traits can only be used if the trait is in scope
[INFO] [stdout] help: the following trait is implemented but not in scope; perhaps add a `use` for it:
[INFO] [stdout]     |
[INFO] [stdout] 2   | use ImageLib::GenericImageView;
[INFO] [stdout]     |
[INFO] [stdout] 
[INFO] [stdout] 
[INFO] [stdout] error[E0599]: no method named `events` found for struct `GlutinWindow` in the current scope
[INFO] [stdout]    --> src/main.rs:304:21
[INFO] [stdout]     |
[INFO] [stdout] 304 |     for e in window.events(){
[INFO] [stdout]     |                     ^^^^^^ private field, not a method
[INFO] [stdout] 
[INFO] [stdout] 
[INFO] [stdout] error[E0023]: this pattern has 1 field, but the corresponding tuple variant has 2 fields
[INFO] [stdout]    --> src/main.rs:314:13
[INFO] [stdout]     |
[INFO] [stdout] 314 |             Event::Input(Input::Press(Button::Keyboard(key))) => {
[INFO] [stdout]     |             ^^^^^^^^^^^^^^^^^^^^^^^^^^^^^^^^^^^^^^^^^^^^^^^^^ expected 2 fields, found 1
[INFO] [stdout]     | 
[INFO] [stdout]    ::: /opt/rustwide/cargo-home/registry/src/github.com-1ecc6299db9ec823/pistoncore-input-1.0.0/src/lib.rs:168:5
[INFO] [stdout]     |
[INFO] [stdout] 168 |     Input(Input, Option<TimeStamp>),
[INFO] [stdout]     |     ------------------------------- tuple variant defined here
[INFO] [stdout] 
[INFO] [stdout] 
[INFO] [stdout] error[E0599]: no variant or associated item named `Press` found for enum `piston::Input` in the current scope
[INFO] [stdout]    --> src/main.rs:314:33
[INFO] [stdout]     |
[INFO] [stdout] 314 |             Event::Input(Input::Press(Button::Keyboard(key))) => {
[INFO] [stdout]     |                                 ^^^^^ variant or associated item not found in `piston::Input`
[INFO] [stdout] 
[INFO] [stdout] 
[INFO] [stdout] error[E0023]: this pattern has 1 field, but the corresponding tuple variant has 2 fields
[INFO] [stdout]    --> src/main.rs:317:13
[INFO] [stdout]     |
[INFO] [stdout] 317 |             Event::Input(Input::Release(Button::Keyboard(key))) => {
[INFO] [stdout]     |             ^^^^^^^^^^^^^^^^^^^^^^^^^^^^^^^^^^^^^^^^^^^^^^^^^^^ expected 2 fields, found 1
[INFO] [stdout]     | 
[INFO] [stdout]    ::: /opt/rustwide/cargo-home/registry/src/github.com-1ecc6299db9ec823/pistoncore-input-1.0.0/src/lib.rs:168:5
[INFO] [stdout]     |
[INFO] [stdout] 168 |     Input(Input, Option<TimeStamp>),
[INFO] [stdout]     |     ------------------------------- tuple variant defined here
[INFO] [stdout] 
[INFO] [stdout] 
[INFO] [stdout] error[E0599]: no method named `events` found for struct `GlutinWindow` in the current scope
[INFO] [stdout]    --> src/main.rs:304:21
[INFO] [stdout]     |
[INFO] [stdout] 304 |     for e in window.events(){
[INFO] [stdout]     |                     ^^^^^^ private field, not a method
[INFO] [stdout] 
[INFO] [stdout] 
[INFO] [stdout] error[E0023]: this pattern has 1 field, but the corresponding tuple variant has 2 fields
[INFO] [stdout]    --> src/main.rs:314:13
[INFO] [stdout]     |
[INFO] [stdout] 314 |             Event::Input(Input::Press(Button::Keyboard(key))) => {
[INFO] [stdout]     |             ^^^^^^^^^^^^^^^^^^^^^^^^^^^^^^^^^^^^^^^^^^^^^^^^^ expected 2 fields, found 1
[INFO] [stdout]     | 
[INFO] [stdout]    ::: /opt/rustwide/cargo-home/registry/src/github.com-1ecc6299db9ec823/pistoncore-input-1.0.0/src/lib.rs:168:5
[INFO] [stdout]     |
[INFO] [stdout] 168 |     Input(Input, Option<TimeStamp>),
[INFO] [stdout]     |     ------------------------------- tuple variant defined here
[INFO] [stdout] 
[INFO] [stdout] 
[INFO] [stdout] error[E0599]: no variant or associated item named `Release` found for enum `piston::Input` in the current scope
[INFO] [stdout]    --> src/main.rs:317:33
[INFO] [stdout]     |
[INFO] [stdout] 317 |             Event::Input(Input::Release(Button::Keyboard(key))) => {
[INFO] [stdout]     |                                 ^^^^^^^ variant or associated item not found in `piston::Input`
[INFO] [stdout] 
[INFO] [stdout] 
[INFO] [stdout] error[E0599]: no variant or associated item named `Press` found for enum `piston::Input` in the current scope
[INFO] [stdout]    --> src/main.rs:314:33
[INFO] [stdout]     |
[INFO] [stdout] 314 |             Event::Input(Input::Press(Button::Keyboard(key))) => {
[INFO] [stdout]     |                                 ^^^^^ variant or associated item not found in `piston::Input`
[INFO] [stdout] 
[INFO] [stdout] 
[INFO] [stdout] error[E0023]: this pattern has 1 field, but the corresponding tuple variant has 2 fields
[INFO] [stdout]    --> src/main.rs:317:13
[INFO] [stdout]     |
[INFO] [stdout] 317 |             Event::Input(Input::Release(Button::Keyboard(key))) => {
[INFO] [stdout]     |             ^^^^^^^^^^^^^^^^^^^^^^^^^^^^^^^^^^^^^^^^^^^^^^^^^^^ expected 2 fields, found 1
[INFO] [stdout]     | 
[INFO] [stdout]    ::: /opt/rustwide/cargo-home/registry/src/github.com-1ecc6299db9ec823/pistoncore-input-1.0.0/src/lib.rs:168:5
[INFO] [stdout]     |
[INFO] [stdout] 168 |     Input(Input, Option<TimeStamp>),
[INFO] [stdout]     |     ------------------------------- tuple variant defined here
[INFO] [stdout] 
[INFO] [stdout] 
[INFO] [stdout] error[E0599]: no variant or associated item named `Render` found for enum `piston::Event` in the current scope
[INFO] [stdout]    --> src/main.rs:322:20
[INFO] [stdout]     |
[INFO] [stdout] 322 |             Event::Render(args) => {
[INFO] [stdout]     |                    ^^^^^^ variant or associated item not found in `piston::Event`
[INFO] [stdout] 
[INFO] [stdout] 
[INFO] [stdout] error[E0599]: no variant or associated item named `Release` found for enum `piston::Input` in the current scope
[INFO] [stdout]    --> src/main.rs:317:33
[INFO] [stdout]     |
[INFO] [stdout] 317 |             Event::Input(Input::Release(Button::Keyboard(key))) => {
[INFO] [stdout]     |                                 ^^^^^^^ variant or associated item not found in `piston::Input`
[INFO] [stdout] 
[INFO] [stdout] 
[INFO] [stdout] error[E0599]: no variant or associated item named `Render` found for enum `piston::Event` in the current scope
[INFO] [stdout]    --> src/main.rs:322:20
[INFO] [stdout]     |
[INFO] [stdout] 322 |             Event::Render(args) => {
[INFO] [stdout]     |                    ^^^^^^ variant or associated item not found in `piston::Event`
[INFO] [stdout] 
[INFO] [stdout] 
[INFO] [stdout] error: aborting due to 12 previous errors; 4 warnings emitted
[INFO] [stdout] 
[INFO] [stdout] 
[INFO] [stdout] Some errors have detailed explanations: E0023, E0599.
[INFO] [stdout] 
[INFO] [stdout] error: aborting due to 12 previous errors; 4 warnings emitted
[INFO] [stdout] 
[INFO] [stdout] 
[INFO] [stdout] Some errors have detailed explanations: E0023, E0599.
[INFO] [stdout] 
[INFO] [stdout] For more information about an error, try `rustc --explain E0023`.
[INFO] [stdout] 
[INFO] [stdout] For more information about an error, try `rustc --explain E0023`.
[INFO] [stdout] 
[INFO] [stderr] error: could not compile `getting-started-spinning-square`.
[INFO] [stderr] 
[INFO] [stderr] To learn more, run the command again with --verbose.
[INFO] [stderr] warning: build failed, waiting for other jobs to finish...
[INFO] [stderr] error: build failed
[INFO] running `Command { std: "docker" "inspect" "0dd4323f9b9995ebae1742abd5a0bcdd6cfd960403a59654095cb6cf83f89a8e", kill_on_drop: false }`
[INFO] running `Command { std: "docker" "rm" "-f" "0dd4323f9b9995ebae1742abd5a0bcdd6cfd960403a59654095cb6cf83f89a8e", kill_on_drop: false }`
[INFO] [stdout] 0dd4323f9b9995ebae1742abd5a0bcdd6cfd960403a59654095cb6cf83f89a8e
